6759148027?
0
What is the thousands digit of 528826972?
6
What is the millions digit of 375678462?
5
What is the tens digit of 269669993?
9
What is the hundred thousands digit of 983065025?
0
What is the millions digit of 227190461?
7
What is the hundred thousands digit of 70464780?
4
What is the tens digit of 307924725?
2
What is the hundred thousands digit of 327788951?
7
What is the tens digit of 78694068?
6
What is the tens digit of 359269399?
9
What is the billions digit of 1292396269?
1
What is the millions digit of 460691425?
0
What is the hundreds digit of 35910869?
8
What is the ten millions digit of 35377593?
3
What is the ten thousands digit of 180231633?
3
What is the millions digit of 5046269139?
6
What is the ten millions digit of 697212595?
9
What is the tens digit of 6397359?
5
What is the hundred millions digit of 104776866?
1
What is the hundred thousands digit of 213842118?
8
What is the hundred thousands digit of 1102774?
1
What is the ten millions digit of 28115329?
2
What is the millions digit of 1816600211?
6
What is the thousands digit of 35407336?
7
What is the tens digit of 22450500?
0
What is the hundred millions digit of 5926322602?
9
What is the thousands digit of 9774656?
4
What is the hundred millions digit of 129692366?
1
What is the tens digit of 2992877683?
8
What is the tens digit of 24586921?
2
What is the thousands digit of 61233249?
3
What is the hundred millions digit of 2354745534?
3
What is the units digit of 436542094?
4
What is the ten thousands digit of 929317346?
1
What is the hundred millions digit of 297788080?
2
What is the units digit of 4513767?
7
What is the ten thousands digit of 189849992?
4
What is the billions digit of 2225350663?
2
What is the thousands digit of 336191008?
1
What is the hundreds digit of 939722276?
2
What is the thousands digit of 140844196?
4
What is the hundreds digit of 39762877?
8
What is the hundred thousands digit of 3054386426?
3
What is the units digit of 104776262?
2
What is the units digit of 4104462?
2
What is the hundred millions digit of 138230148?
1
What is the ten millions digit of 219954864?
1
What is the hundreds digit of 176525950?
9
What is the ten millions digit of 12409401?
1
What is the hundreds digit of 6248133?
1
What is the millions digit of 360222839?
0
What is the hundreds digit of 1246292572?
5
What is the ten millions digit of 4964224498?
6
What is the tens digit of 38958377?
7
What is the tens digit of 80117277?
7
What is the hundred thousands digit of 29733418?
7
What is the hundred millions digit of 510493343?
5
What is the hundred thousands digit of 38549264?
5
What is the millions digit of 48649824?
8
What is the tens digit of 323075156?
5
What is the ten millions digit of 2370085445?
7
What is the thousands digit of 39417803?
7
What is the millions digit of 51777550?
1
What is the thousands digit of 47751511?
1
What is the ten thousands digit of 19891264?
9
What is the units digit of 126293030?
0
What is the millions digit of 2425116100?
5
What is the hundred thousands digit of 33151646?
1
What is the ten thousands digit of 77141436?
4
What is the billions digit of 1625221367?
1
What is the millions digit of 274111462?
4
What is the hundred millions digit of 4952624996?
9
What is the thousands digit of 2261715253?
5
What is the hundreds digit of 236865675?
6
What is the ten thousands digit of 1078720952?
2
What is the hundred thousands digit of 289456237?
4
What is the hundreds digit of 1293584539?
5
What is the units digit of 183271401?
1
What is the hundreds digit of 888122934?
9
What is the hundreds digit of 146396694?
6
What is the hundred millions digit of 135264701?
1
What is the tens digit of 152421279?
7
What is the ten millions digit of 115085066?
1
What is the units digit of 407243781?
1
What is the tens digit of 25127053?
5
What is the thousands digit of 933985101?
5
What is the ten millions digit of 1304184131?
0
What is the hundred millions digit of 477310008?
4
What is the thousands digit of 275104268?
4
What is the units digit of 10135053?
3
What is the billions digit of 1514285976?
1
What is the hundred thousands digit of 1543922793?
9
What is the hundred thousands digit of 3734280146?
2
What is the millions digit of 2300601710?
0
What is the hundred thousands digit of 58197024?
1
What is the tens digit of 591372708?
0
What is the thousands digit of 2925814960?
4
What is the hundreds digit of 199825795?
7
What is the tens digit of 364411951?
5
What is the millions digit of 548601245?
8
What is the ten thousands digit of 168133778?
3
What is the hundreds digit of 18263958?
9
What is the millions digit of 615623547?
5
What is the thousands digit of 68186673?
6
What is the ten thousands digit of 181200308?
0
What is the ten millions digit of 161526980?
6
What is the millions digit of 49461203?
9
What is the ten thousands digit of 4669939?
6
What is the ten thousands digit of 254668405?
6
What is the ten millions digit of 4168413013?
6
What is the hundred thousands digit of 90483422?
4
What is the hundred millions digit of 406902470?
4
What is the hundreds digit of 338467343?
3
What is the hundred thousands digit of 641408634?
4
What is the ten thousands digit of 24207132?
0
What is the ten millions digit of 160879093?
6
What is the units digit of 395486644?
4
What is the hundreds digit of 188758485?
4
What is the hundred thousands digit of 392216200?
2
What is the billions digit of 1233277032?
1
What is the hundreds digit of 350054283?
2
What is the ten thousands digit of 442045824?
4
What is the tens digit of 73991868?
6
What is the hundred thousands digit of 337638866?
6
What is the hundreds digit of 3260135229?
2
What is the hundred thousands digit of 57023413?
0
What is the units digit of 154596912?
2
What is the tens digit of 66123369?
6
What is the tens digit of 1593250389?
8
What is the hundreds digit of 263533059?
0
What is the millions digit of 365772143?
5
What is the ten millions digit of 23004121?
2
What is the thousands digit of 46445794?
5
What is the hundreds digit of 1224303311?
3
What is the hundred thousands digit of 4807551406?
5
What is the thousands digit of 129080740?
0
What is the thousands digit of 1359582681?
2
What is the hundred thousands digit of 50315053?
3
What is the units digit of 156421808?
8
What is the thousands digit of 154611703?
1
What is the ten thousands digit of 22563489?
6
What is the thousands digit of 67989392?
9
What is the tens digit of 3204954077?
7
What is the ten thousands digit of 510152682?
5
What is the hundreds digit of 280654702?
7
What is the hundred thousands digit of 44579624?
5
What is the units digit of 99622577?
7
What is the hundred thousands digit of 43106346?
1
What is the millions digit of 137759181?
7
What is the hundred thousands digit of 81120321?
1
What is the hundred thousands digit of 148963883?
9
What is the units digit of 2564751051?
1
What is the units digit of 152166159?
9
What is the millions digit of 6816825?
6
What is the hundred thousands digit of 307887535?
8
What is the thousands digit of 8151152?
1
What is the hundreds digit of 54121740?
7
What is the tens digit of 261460214?
1
What is the hundreds digit of 4778866028?
0
What is the millions digit of 20085245?
0
What is the thousands digit of 1661592465?
2
What is the tens digit of 290586692?
9
What is the tens digit of 28766971?
7
What is the ten thousands digit of 536558670?
5
What is the billions digit of 5878840687?
5
What is the thousands digit of 909296839?
6
What is the hundred thousands digit of 175092422?
0
What is the ten thousands digit of 131474503?
7
What is the ten millions digit of 70910401?
7
What is the hundred thousands digit of 44265067?
2
What is the tens digit of 15120957?
5
What is the ten thousands digit of 6832748616?
4
What is the ten millions digit of 55532496?
5
What is the hundred thousands digit of 420963?
4
What is the hundreds digit of 56807424?
4
What is the hundred millions digit of 828252828?
8
What is the hundred thousands digit of 549066194?
0
What is the thousands digit of 1655303215?
3
What is the thousands digit of 186629359?
9
What is the units digit of 940620255?
5
What is the millions digit of 112568255?
2
What is the ten thousands digit of 18626017